{"id":74,"date":"2018-04-26T18:04:33","date_gmt":"2018-04-26T18:04:33","guid":{"rendered":"http:\/\/dellen-service.ch\/?page_id=74"},"modified":"2021-11-11T07:20:40","modified_gmt":"2021-11-11T07:20:40","slug":"ueber-uns","status":"publish","type":"page","link":"https:\/\/dellen-service.ch\/index.php\/ueber-uns\/","title":{"rendered":"\u00dcber uns"},"content":{"rendered":"<p><span style=\"font-size: 16px;\">Die 2018 gegr\u00fcndete Firma <a href=\"http:\/\/Dellen-Service.ch\">Staub Dellen-Service<\/a> wird von Jan Staub gef\u00fchrt und hat ihren Sitz in Wollerau. Mit mehr als\u00a0zehn Jahren Erfahrung sind wir in die Selbstst\u00e4ndigkeit gestartet. <\/span><\/p>\n<p><strong><span style=\"font-size: 16px;\">Karrierenverlauf:<br \/>\n<\/span><\/strong><span style=\"font-size: 16px;\">Nach seinem Abschluss als Carrosserie Spengler machte Jan Staub erste Erfahrungen mit dem Dr\u00fccken von Dellen,\u00a02009 entschied er sich zur Spezialisierung von Ausbeulen ohne Lackieren.\u00a0Jan Staub hat w\u00e4hrend 4 Jahren als internationaler Instruktor gearbeitet und die Ausbeultechnik ohne Lackieren in \u00fcber 25 L\u00e4ndern geschult.\u00a0Untenstehend der Lebenslauf von Jan Staub.<\/span><\/p>\n<ul>\n<li>\n<div><span class=\"Apple-style-span\" style=\"font-size: 16px;\">2004 &#8211; 2008 Ausbildung zum Carrosserie Spengler\u00a0<\/span><\/div>\n<\/li>\n<li>\n<div><span style=\"font-size: 16px;\"><span class=\"Apple-style-span\">2008 \u00a0 Kurs zum Dellen Dr\u00fccker\u00a0<\/span><\/span><\/div>\n<\/li>\n<li>\n<div><span class=\"Apple-style-span\" style=\"font-size: 16px;\">2008 &#8211; 2009 Carrosserie Spengler\u00a0<\/span><\/div>\n<\/li>\n<li>\n<div><span class=\"Apple-style-span\" style=\"font-size: 16px;\">2009 &#8211; 2015 Dellen Dr\u00fccker\u00a0<\/span><\/div>\n<\/li>\n<li>\n<div><span class=\"Apple-style-span\" style=\"font-size: 16px;\">2015 &#8211; 2018 Internationaler\u00a0Kursleiter, Ausbeulen ohne lackieren \u00a0<\/span><\/div>\n<\/li>\n<li>\n<div><span class=\"Apple-style-span\" style=\"font-size: 16px;\">Seit 2018 selbstst\u00e4ndig erwerbend mit Staub Dellen-Service<\/span><\/div>\n<\/li>\n<\/ul>\n<p><strong><span style=\"font-size: 16px;\">Kunden weltweit:<br \/>\n<\/span><\/strong><span style=\"font-size: 16px;\">Unter anderem wurde die Dr\u00fccktechnik von uns in folgenden Produktionsst\u00e4tten geschult:<\/span><\/p>\n<ul>\n<li><span style=\"font-size: 16px;\">BMW, Johannesburg | S\u00fcdafrika<\/span><\/li>\n<li><span style=\"font-size: 16px;\">BMW, M\u00fcnchen | Deutschland<\/span><\/li>\n<li><span style=\"font-size: 16px;\">Ford, Fort Wayne | USA<\/span><\/li>\n<li><span style=\"font-size: 16px;\">GM, Detroit | USA<\/span><\/li>\n<li><span style=\"font-size: 16px;\">Maruti Suzuki, New Dehli | Indien<\/span><\/li>\n<li><span style=\"font-size: 16px;\">Nissan, Newcastle | UK<\/span><\/li>\n<li><span style=\"font-size: 16px;\">Toyota, Nottingham | UK<\/span><\/li>\n<li><span style=\"font-size: 16px;\">Toyota, Kentucky | USA<\/span><\/li>\n<li><span style=\"font-size: 16px;\">Vouxhall (GM), Manchester | UK<\/span><\/li>\n<li><span style=\"font-size: 16px;\">Volkswagen, Puebla | Mexico<\/span><\/li>\n<li><span style=\"font-size: 16px;\">Volkswagen, Wolfsburg | Deutschland<\/span><\/li>\n<\/ul>\n<p><span style=\"font-size: 16px;\"><strong>Referenzen:<br \/>\n<\/strong><\/span><span style=\"font-size: 16px;\"><em>&#8222;Wir von der Carrosserie Rusterholz AG k\u00f6nnen Jan Staub nur weiterempfehlen. <\/em><\/span><em><span style=\"font-size: 16px;\">Wir sch\u00e4tzen seine Kompetenz und St\u00e4rke im Dellendr\u00fccken sehr. Zudem zeichnet er sich durch seine hohe Flexibilit\u00e4t aus.&#8220;<\/span><\/em><br \/>\n<span style=\"font-size: 16px;\">&#8211; Martin Rusterholz,\u00a0Mitinhaber Carrosserie Rusterholz AG und Pr\u00e4sident der Berufsbildungskommission des schweizerischen Carrosserieverbandes VSCI<\/span><\/p>\n","protected":false},"excerpt":{"rendered":"<p>Die 2018 gegr\u00fcndete Firma Staub Dellen-Service wird von Jan Staub gef\u00fchrt und hat ihren Sitz in Wollerau. Mit mehr als\u00a0zehn Jahren Erfahrung sind wir in die Selbstst\u00e4ndigkeit gestartet. Karrierenverlauf: Nach seinem Abschluss als Carrosserie Spengler machte Jan Staub erste Erfahrungen mit dem Dr\u00fccken von Dellen,\u00a02009 entschied er sich zur Spezialisierung von Ausbeulen ohne Lackieren.\u00a0Jan Staub [&hellip;]<\/p>\n","protected":false},"author":1,"featured_media":208,"parent":0,"menu_order":3,"comment_status":"closed","ping_status":"closed","template":"","meta":{"_exactmetrics_skip_tracking":false,"_exactmetrics_sitenote_active":false,"_exactmetrics_sitenote_note":"","_exactmetrics_sitenote_category":0,"footnotes":""},"class_list":["post-74","page","type-page","status-publish","has-post-thumbnail","hentry"],"yoast_head":"<!-- This site is optimized with the Yoast SEO plugin v27.3 - https:\/\/yoast.com\/product\/yoast-seo-wordpress\/ -->\n<title>\u00dcber uns | Staub Dellen-Service<\/title>\n<meta name=\"robots\" content=\"index, follow, max-snippet:-1, max-image-preview:large, max-video-preview:-1\" \/>\n<link rel=\"canonical\" href=\"https:\/\/dellen-service.ch\/index.php\/ueber-uns\/\" \/>\n<meta property=\"og:locale\" content=\"de_DE\" \/>\n<meta property=\"og:type\" content=\"article\" \/>\n<meta property=\"og:title\" content=\"\u00dcber uns | Staub Dellen-Service\" \/>\n<meta property=\"og:description\" content=\"Die 2018 gegr\u00fcndete Firma Staub Dellen-Service wird von Jan Staub gef\u00fchrt und hat ihren Sitz in Wollerau. Mit mehr als\u00a0zehn Jahren Erfahrung sind wir in die Selbstst\u00e4ndigkeit gestartet. Karrierenverlauf: Nach seinem Abschluss als Carrosserie Spengler machte Jan Staub erste Erfahrungen mit dem Dr\u00fccken von Dellen,\u00a02009 entschied er sich zur Spezialisierung von Ausbeulen ohne Lackieren.\u00a0Jan Staub [&hellip;]\" \/>\n<meta property=\"og:url\" content=\"https:\/\/dellen-service.ch\/index.php\/ueber-uns\/\" \/>\n<meta property=\"og:site_name\" content=\"Staub Dellen-Service\" \/>\n<meta property=\"article:modified_time\" content=\"2021-11-11T07:20:40+00:00\" \/>\n<meta property=\"og:image\" content=\"https:\/\/dellen-service.ch\/wp-content\/uploads\/2019\/06\/wir.jpg\" \/>\n\t<meta property=\"og:image:width\" content=\"1500\" \/>\n\t<meta property=\"og:image:height\" content=\"400\" \/>\n\t<meta property=\"og:image:type\" content=\"image\/jpeg\" \/>\n<meta name=\"twitter:card\" content=\"summary_large_image\" \/>\n<meta name=\"twitter:label1\" content=\"Gesch\u00e4tzte Lesezeit\" \/>\n\t<meta name=\"twitter:data1\" content=\"1\u00a0Minute\" \/>\n<script type=\"application\/ld+json\" class=\"yoast-schema-graph\">{\"@context\":\"https:\\\/\\\/schema.org\",\"@graph\":[{\"@type\":\"WebPage\",\"@id\":\"https:\\\/\\\/dellen-service.ch\\\/index.php\\\/ueber-uns\\\/\",\"url\":\"https:\\\/\\\/dellen-service.ch\\\/index.php\\\/ueber-uns\\\/\",\"name\":\"\u00dcber uns | Staub Dellen-Service\",\"isPartOf\":{\"@id\":\"https:\\\/\\\/dellen-service.ch\\\/#website\"},\"primaryImageOfPage\":{\"@id\":\"https:\\\/\\\/dellen-service.ch\\\/index.php\\\/ueber-uns\\\/#primaryimage\"},\"image\":{\"@id\":\"https:\\\/\\\/dellen-service.ch\\\/index.php\\\/ueber-uns\\\/#primaryimage\"},\"thumbnailUrl\":\"https:\\\/\\\/dellen-service.ch\\\/wp-content\\\/uploads\\\/2019\\\/06\\\/wir.jpg\",\"datePublished\":\"2018-04-26T18:04:33+00:00\",\"dateModified\":\"2021-11-11T07:20:40+00:00\",\"breadcrumb\":{\"@id\":\"https:\\\/\\\/dellen-service.ch\\\/index.php\\\/ueber-uns\\\/#breadcrumb\"},\"inLanguage\":\"de\",\"potentialAction\":[{\"@type\":\"ReadAction\",\"target\":[\"https:\\\/\\\/dellen-service.ch\\\/index.php\\\/ueber-uns\\\/\"]}]},{\"@type\":\"ImageObject\",\"inLanguage\":\"de\",\"@id\":\"https:\\\/\\\/dellen-service.ch\\\/index.php\\\/ueber-uns\\\/#primaryimage\",\"url\":\"https:\\\/\\\/dellen-service.ch\\\/wp-content\\\/uploads\\\/2019\\\/06\\\/wir.jpg\",\"contentUrl\":\"https:\\\/\\\/dellen-service.ch\\\/wp-content\\\/uploads\\\/2019\\\/06\\\/wir.jpg\",\"width\":1500,\"height\":400},{\"@type\":\"BreadcrumbList\",\"@id\":\"https:\\\/\\\/dellen-service.ch\\\/index.php\\\/ueber-uns\\\/#breadcrumb\",\"itemListElement\":[{\"@type\":\"ListItem\",\"position\":1,\"name\":\"Startseite\",\"item\":\"https:\\\/\\\/dellen-service.ch\\\/\"},{\"@type\":\"ListItem\",\"position\":2,\"name\":\"\u00dcber uns\"}]},{\"@type\":\"WebSite\",\"@id\":\"https:\\\/\\\/dellen-service.ch\\\/#website\",\"url\":\"https:\\\/\\\/dellen-service.ch\\\/\",\"name\":\"Staub Dellen-Service\",\"description\":\"\",\"publisher\":{\"@id\":\"https:\\\/\\\/dellen-service.ch\\\/#organization\"},\"potentialAction\":[{\"@type\":\"SearchAction\",\"target\":{\"@type\":\"EntryPoint\",\"urlTemplate\":\"https:\\\/\\\/dellen-service.ch\\\/?s={search_term_string}\"},\"query-input\":{\"@type\":\"PropertyValueSpecification\",\"valueRequired\":true,\"valueName\":\"search_term_string\"}}],\"inLanguage\":\"de\"},{\"@type\":\"Organization\",\"@id\":\"https:\\\/\\\/dellen-service.ch\\\/#organization\",\"name\":\"Staub Dellen-Service\",\"url\":\"https:\\\/\\\/dellen-service.ch\\\/\",\"logo\":{\"@type\":\"ImageObject\",\"inLanguage\":\"de\",\"@id\":\"https:\\\/\\\/dellen-service.ch\\\/#\\\/schema\\\/logo\\\/image\\\/\",\"url\":\"https:\\\/\\\/dellen-service.ch\\\/wp-content\\\/uploads\\\/2018\\\/04\\\/Logo_space.jpg\",\"contentUrl\":\"https:\\\/\\\/dellen-service.ch\\\/wp-content\\\/uploads\\\/2018\\\/04\\\/Logo_space.jpg\",\"width\":1101,\"height\":185,\"caption\":\"Staub Dellen-Service\"},\"image\":{\"@id\":\"https:\\\/\\\/dellen-service.ch\\\/#\\\/schema\\\/logo\\\/image\\\/\"},\"sameAs\":[\"https:\\\/\\\/www.linkedin.com\\\/in\\\/jan-staub-b93a04145\\\/\"]}]}<\/script>\n<!-- \/ Yoast SEO plugin. -->","yoast_head_json":{"title":"\u00dcber uns | Staub Dellen-Service","robots":{"index":"index","follow":"follow","max-snippet":"max-snippet:-1","max-image-preview":"max-image-preview:large","max-video-preview":"max-video-preview:-1"},"canonical":"https:\/\/dellen-service.ch\/index.php\/ueber-uns\/","og_locale":"de_DE","og_type":"article","og_title":"\u00dcber uns | Staub Dellen-Service","og_description":"Die 2018 gegr\u00fcndete Firma Staub Dellen-Service wird von Jan Staub gef\u00fchrt und hat ihren Sitz in Wollerau. Mit mehr als\u00a0zehn Jahren Erfahrung sind wir in die Selbstst\u00e4ndigkeit gestartet. Karrierenverlauf: Nach seinem Abschluss als Carrosserie Spengler machte Jan Staub erste Erfahrungen mit dem Dr\u00fccken von Dellen,\u00a02009 entschied er sich zur Spezialisierung von Ausbeulen ohne Lackieren.\u00a0Jan Staub [&hellip;]","og_url":"https:\/\/dellen-service.ch\/index.php\/ueber-uns\/","og_site_name":"Staub Dellen-Service","article_modified_time":"2021-11-11T07:20:40+00:00","og_image":[{"width":1500,"height":400,"url":"https:\/\/dellen-service.ch\/wp-content\/uploads\/2019\/06\/wir.jpg","type":"image\/jpeg"}],"twitter_card":"summary_large_image","twitter_misc":{"Gesch\u00e4tzte Lesezeit":"1\u00a0Minute"},"schema":{"@context":"https:\/\/schema.org","@graph":[{"@type":"WebPage","@id":"https:\/\/dellen-service.ch\/index.php\/ueber-uns\/","url":"https:\/\/dellen-service.ch\/index.php\/ueber-uns\/","name":"\u00dcber uns | Staub Dellen-Service","isPartOf":{"@id":"https:\/\/dellen-service.ch\/#website"},"primaryImageOfPage":{"@id":"https:\/\/dellen-service.ch\/index.php\/ueber-uns\/#primaryimage"},"image":{"@id":"https:\/\/dellen-service.ch\/index.php\/ueber-uns\/#primaryimage"},"thumbnailUrl":"https:\/\/dellen-service.ch\/wp-content\/uploads\/2019\/06\/wir.jpg","datePublished":"2018-04-26T18:04:33+00:00","dateModified":"2021-11-11T07:20:40+00:00","breadcrumb":{"@id":"https:\/\/dellen-service.ch\/index.php\/ueber-uns\/#breadcrumb"},"inLanguage":"de","potentialAction":[{"@type":"ReadAction","target":["https:\/\/dellen-service.ch\/index.php\/ueber-uns\/"]}]},{"@type":"ImageObject","inLanguage":"de","@id":"https:\/\/dellen-service.ch\/index.php\/ueber-uns\/#primaryimage","url":"https:\/\/dellen-service.ch\/wp-content\/uploads\/2019\/06\/wir.jpg","contentUrl":"https:\/\/dellen-service.ch\/wp-content\/uploads\/2019\/06\/wir.jpg","width":1500,"height":400},{"@type":"BreadcrumbList","@id":"https:\/\/dellen-service.ch\/index.php\/ueber-uns\/#breadcrumb","itemListElement":[{"@type":"ListItem","position":1,"name":"Startseite","item":"https:\/\/dellen-service.ch\/"},{"@type":"ListItem","position":2,"name":"\u00dcber uns"}]},{"@type":"WebSite","@id":"https:\/\/dellen-service.ch\/#website","url":"https:\/\/dellen-service.ch\/","name":"Staub Dellen-Service","description":"","publisher":{"@id":"https:\/\/dellen-service.ch\/#organization"},"potentialAction":[{"@type":"SearchAction","target":{"@type":"EntryPoint","urlTemplate":"https:\/\/dellen-service.ch\/?s={search_term_string}"},"query-input":{"@type":"PropertyValueSpecification","valueRequired":true,"valueName":"search_term_string"}}],"inLanguage":"de"},{"@type":"Organization","@id":"https:\/\/dellen-service.ch\/#organization","name":"Staub Dellen-Service","url":"https:\/\/dellen-service.ch\/","logo":{"@type":"ImageObject","inLanguage":"de","@id":"https:\/\/dellen-service.ch\/#\/schema\/logo\/image\/","url":"https:\/\/dellen-service.ch\/wp-content\/uploads\/2018\/04\/Logo_space.jpg","contentUrl":"https:\/\/dellen-service.ch\/wp-content\/uploads\/2018\/04\/Logo_space.jpg","width":1101,"height":185,"caption":"Staub Dellen-Service"},"image":{"@id":"https:\/\/dellen-service.ch\/#\/schema\/logo\/image\/"},"sameAs":["https:\/\/www.linkedin.com\/in\/jan-staub-b93a04145\/"]}]}},"_links":{"self":[{"href":"https:\/\/dellen-service.ch\/index.php\/wp-json\/wp\/v2\/pages\/74","targetHints":{"allow":["GET"]}}],"collection":[{"href":"https:\/\/dellen-service.ch\/index.php\/wp-json\/wp\/v2\/pages"}],"about":[{"href":"https:\/\/dellen-service.ch\/index.php\/wp-json\/wp\/v2\/types\/page"}],"author":[{"embeddable":true,"href":"https:\/\/dellen-service.ch\/index.php\/wp-json\/wp\/v2\/users\/1"}],"replies":[{"embeddable":true,"href":"https:\/\/dellen-service.ch\/index.php\/wp-json\/wp\/v2\/comments?post=74"}],"version-history":[{"count":38,"href":"https:\/\/dellen-service.ch\/index.php\/wp-json\/wp\/v2\/pages\/74\/revisions"}],"predecessor-version":[{"id":230,"href":"https:\/\/dellen-service.ch\/index.php\/wp-json\/wp\/v2\/pages\/74\/revisions\/230"}],"wp:featuredmedia":[{"embeddable":true,"href":"https:\/\/dellen-service.ch\/index.php\/wp-json\/wp\/v2\/media\/208"}],"wp:attachment":[{"href":"https:\/\/dellen-service.ch\/index.php\/wp-json\/wp\/v2\/media?parent=74"}],"curies":[{"name":"wp","href":"https:\/\/api.w.org\/{rel}","templated":true}]}}